 68 = -3*f. Let k = f + 11. Is k a composite number?
False
Suppose 3*m + 2*m = 0. Let w(l) be the first derivative of -l**4/4 + l**3/3 + 15*l + 1. Is w(m) a prime number?
False
Let h(x) = 132*x**2. Let v be h(-1). Suppose -2*f + v + 574 = 0. Let t = -90 + f. Is t prime?
True
Suppose -27 = 5*m - 242. Let n = 65 - m. Is n a prime number?
False
Let h be (4 - -2)*1/(-2). Let q be h/(((-3)/22)/(-1)). Let k = -12 - q. Is k composite?
True
Suppose -4*q + 244 = 4*l - 8*q, 155 = 3*l + 4*q. Is l a prime number?
False
Suppose 3*p = 2*d + 5519, -5*p + 5*d + 9200 = 2*d. Is p a prime number?
False
Suppose 4*r + 8 = 24. Let w be (-10)/3*(-6)/r. Suppose w*i - 115 = -0*i. Is i a composite number?
False
Is (-3)/((-65)/31 - -2) prime?
True
Suppose 0 = 5*j - 10*j + 10. Is j/((-2)/89*-1) a composite number?
False
Let d(j) = -j**2 + 7*j - 5. Let i(q) = -q**2 - 81*q + 61. Let m(g) = -40*g + 30. Let w(f) = -6*i(f) + 13*m(f). Let p(r) = 14*d(r) + 3*w(r). Is p(3) prime?
False
Let h(o) = -o + 2. Let b be h(0). Let i = 131 - 74. Suppose -d - b*d = -i. Is d a composite number?
False
Let u(x) be the first derivative of -3 + 11/2*x**2 + x. Is u(8) composite?
False
Let z(d) = -d**3 + 9*d**2 + 5*d - 2. Let y(v) = -v**3 + 10*v**2 + 6*v - 1. Let m(c) = 4*y(c) - 5*z(c). Let r(b) = 2*b - 1. Let u be r(4). Is m(u) prime?
True
Suppose -4*m - 947 + 2919 = 0. Is m a prime number?
False
Is ((-88)/(-10))/(-5 + 108/20) composite?
True
Let l(r) = 8*r + 1. Suppose -3*u - 3 = v, u + 2*u = v - 27. Is l(v) prime?
True
Suppose -3*f - 3*m + 85 = -161, 5*f - 365 = 4*m. Let u be 2/(5 - 3) - f. Let q = -54 - u. Is q prime?
False
Suppose -4*y + 2*y - 3*s = -23, 2*y = 2*s + 48. Suppose y = -v + 67. Let b = 21 + v. Is b a composite number?
True
Suppose 0*p - 4*p + 1988 = 0. Is p a composite number?
True
Suppose -3*x = -4*j + 7768, 4*j - 3224 = -x + 4560. Is j a composite number?
True
Let s(r) = -r**3 - 16*r**2 - 21*r + 14. Let t be s(-15). Suppose 5*f - t = 51. Is f a prime number?
True
Suppose 0 = -4*f + 8*f - 436. Is f a composite number?
False
Let b = 1706 + 48. Is b a prime number?
False
Suppose 9*v - 9013 = 27338. Is v prime?
False
Let w = 241 - 152. Suppose 3*k = 2*k + w. Is k a prime number?
True
Let k = 5 - 7. Is (94/(-4))/(k/4) a prime number?
True
Let p be 36/(-15)*40/(-6). Suppose -4*g = -p, 4*s = -4*g + 48 + 44. Is s composite?
False
Let k(w) be the first derivative of -w**4/4 + 67*w + 3. Suppose -a + 0*a = -2*z, -5*a = z. Is k(z) a composite number?
False
Suppose a + 9 = -3*r, r - 8 = -4*a - 0*r. Let z be a/((-3)/(-164)) + 1. Suppose -3*i - x = 4*x - 132, z = 4*i + 3*x. Is i prime?
False
Suppose h = 7*h - 474. Is h a composite number?
False
Let h(k) = k**2 - 2*k + 1. Let x be (-24)/(-9) - 1/(-3). Let s be h(x). Suppose 0*g - s*g = -f - 632, 0 = 3*g - 4*f - 487. Is g prime?
True
Let w be 3/(-9)*(3 - -630). Let s = -50 - w. Is s prime?
False
Is 4/(-18) + 65897/117 a prime number?
True
Suppose 30 = -3*k + 561. Is k a prime number?
False
Let h be (-6 + 13)*12/14. Suppose -156 = -4*j - 2*u, 3*j + 2*u - 110 = h. Let i = j + -25. Is i a composite number?
True
Let m be 33/(-6) - (-6)/4. Let o(h) = 12*h**2 - 4*h - 5. Is o(m) a composite number?
True
Suppose 4*h - 316 = -4*x - 0*x, 3*h - 2*x = 222. Suppose s - 5*s = -h. Suppose p + s - 56 = 0. Is p a composite number?
False
Let m(s) = -s - 12. Let h be m(-14). Suppose 0 = 3*w - w. Suppose w = k + 4*k - 2*n - 569, h*k = n + 228. Is k composite?
False
Suppose 0 = -4*k + 124 + 76. Suppose c + 5 = 7. Suppose k = c*o + 12. Is o a prime number?
True
Let x be (-4)/(-12) + 11/3. Suppose -x*c + 94 = -254. Is c prime?
False
Let k(n) = -n + 23 - 23 + 62*n**2. Let m be k(1). Suppose m = 2*y - 117. Is y a composite number?
False
Let g = -4032 - -8183. Is g a composite number?
True
Suppose -3*q + 2*q = -2. Is 47*(-3)/(-6)*q composite?
False
Let y(h) = h - 7. Let s be y(7). Suppose s*p = 3*p. Let j = p + 37. Is j a composite number?
False
Let p be (-6)/9 - (-184)/6. Suppose 2*o + 6*l - 5*l = p, 60 = 4*o + 4*l. Is o a composite number?
True
Suppose 2*y = -4*o + 190 + 132, y + 5 = 0. Is o a prime number?
True
Let x(w) = 160*w**2 - 3*w + 1. Let r be x(2). Suppose -19*y + r = -14*y. Is y prime?
True
Let k = -612 + 1412. Suppose 2*q - k = -2*q. Is (-5)/15 + q/6 composite?
True
Let l(t) = t + 3. Let o be l(-6). Is (-2)/o - 796/(-12) a composite number?
False
Suppose -5*x - 200 = -x. Let c = -27 - x. Let f = c - -23. Is f composite?
True
Suppose 0 = 5*h - 3*h - 198. Let d be (h/(-4) + 1)*-4. Suppose d = t + 4*p, -4*t = 4*p - 19 - 349. Is t prime?
False
Suppose 3*j - 4*j + 5*b = -30, -4*b - 90 = -2*j. Is j composite?
True
Let i = -1034 - -1813. Is i prime?
False
Let n be 1/((-2)/(-10) - 0). Suppose 4*m - 494 = -4*i - 94, n*m + 2*i = 500. Suppose 0 = -2*o + q + q + m, 145 = 3*o - 4*q. Is o a prime number?
False
Let z(r) = -61*r + 2. Let o be z(-3). Let d = 284 - o. Suppose 5*g - d - 56 = 0. Is g a composite number?
False
Suppose 82 = 4*s + 2*a, 3*s = a + 48 + 6. Is s composite?
False
Let i(l) = l**2 + 5*l - 1. Let c be i(-6). Suppose c*h + 6 + 29 = 4*w, h - w = -7. Let v(r) = r**2 - r - 3. Is v(h) a prime number?
True
Let f = -67 - -125. Is f prime?
False
Let x = -899 - -1513. Is x prime?
False
Suppose -d + 0*d = 2. Is 1*d*-29 - -1 a composite number?
False
Suppose -8*z + 7*z = 5*q - 894, 2*z - 4*q - 1858 = 0. Is z a prime number?
True
Let m = -35 - -58. Suppose -q = -m - 48. Let y = q + 14. Is y prime?
False
Suppose -26 - 9 = -3*n + 4*t, 5*n = -t + 20. Suppose 5*x = q + 1, -n*x = -4*q + 6*q - 58. Is q a composite number?
False
Let i = -3 + 5. Let t be ((-8)/10)/((-2)/75). Suppose 29 = 3*s + i*w, 2*s - t = -3*w - w. Is s a prime number?
True
Let o be (-408)/(-9)*18/8. Suppose o = 2*s - 80. Let a = s + -52. Is a composite?
True
Let s = -4 - 0. Let k = 5 + -9. Is (s/6)/(k/42) composite?
False
Let z(q) = 6 - 4 - q**2 - 10*q + 5 + 2*q**2. Is z(10) a composite number?
False
Suppose p - 5*p = -28. Suppose -2*z - 4 = 0, 5*z = -j + p*z + 59. Suppose 0 = 5*o - j - 370. Is o a prime number?
False
Let f(v) = 6*v**2 - 2*v + 2. Let t be f(2). Let m = t - -14. Suppose 2*g - m = 2*n, 0*g + 2*n = 4*g - 78. Is g composite?
True
Let t be ((-6)/(-5))/(6/20). Let l = t - 2. Is ((-17)/(-2))/(l/20) a prime number?
False
Let c = 1841 + -1206. Is c a composite number?
True
Suppose -3*i - 2*i - 2*h + 10 = 0, 2*h = 0. Suppose -n = -i*n - 3. Is n/2*764/(-6) prime?
True
Suppose -11823 = -3*q + 5*i, -2*q = 2*i - 4571 - 3295. Suppose t - q = -2*t. Is (-2)/(-6) - t/(-24) composite?
True
Let x(p) = -p**3 + 59. Let m(i) = -i + 6. Let z be m(6). Is x(z) a prime number?
True
Let c be ((-90)/(-25))/((-2)/(-5)). Let f be 1865/(-3*(-3)/c). Is (-2)/7 + f/35 a composite number?
False
Let h(x) = x**3 - x. Let i be h(-1). Let t be (-30)/(-7)*(i - 42). Is t/(-2) + 1 + -2 composite?
False
Let i = 2 + -14. Let j(x) = -x**2 - 24*x - 17. Is j(i) a composite number?
False
Suppose 2*g = -g - 12. Is ((-10)/g + -3)*-130 composite?
True
Suppose 4*x = -3*h + 321, -h + 3*h + 4*x = 210. Is h a prime number?
False
Let j = -9 + 13. Suppose -j*d + 861 = -d. Is d a composite number?
True
Suppose 4*n - 30 = -5*j, 16 = 5*n + 5*j - 19. Suppose 101 = -4*c + 2*p - 339, n*p = -5*c - 520. Let d = 161 + c. Is d prime?
True
Let l = -5 + 8. Suppose z = 4*n - 16, 4*z - n + 4 = l*n. Suppose -5*p = -0*y - z*y - 23, -5*y = p - 22. Is p composite?
False
Suppose 4*g - 8*g - 2*x + 3882 = 0, 2*x = 5*g - 4866. Suppose 5*m - g = -4*k, 0 = 2*k - 3*m - 2*m - 516. Let u = -169 + k. Is u a prime number?
True
Suppose 5*f = -4*d + 431, -2*d + f + 220 = -f. Is d a composite number?
False
Let d(v) = 3*v + 1. Let k(s) = -3*s - 1. Let q(g) = -2*d(g) - 3*k(g). Let c be q(-1). Is c/6 + (-94)/(-3) a prime number?
True
Let r = 51 + -145. Let w = r - -297. Is w a prime number?
False
Let y(t) be the second derivative of t**8/6720 + t**7/840 + t**5/40 - t**4/6 + t. Let h(p) be the third derivative of y(p). Is h(4) a composite number?
True
Suppose -2*m = 2, 2*t - 2*m + 7*m = -9. Is ((-65)/(-2))/((-1)/t) a composite number?
True
Let g be ((-16)/(-20))/(4/10). Suppose -g*n = -18 - 24. Is n a prime number?
False
Let l = -3 - -6. Let h(o) = o - 2. Let b be h(2). Suppose -j + 5*i = -51, l*j - 4*i - 21 - 132 = b. Is j composite?
True
Suppose g = -2*n + 3*n + 5, -10 